{"id":190,"date":"2023-04-12T17:03:02","date_gmt":"2023-04-12T15:03:02","guid":{"rendered":"http:\/\/centralparc-mb.fr\/?page_id=190"},"modified":"2023-06-04T16:17:13","modified_gmt":"2023-06-04T14:17:13","slug":"ce-que-nous-demandons","status":"publish","type":"page","link":"https:\/\/centralparc-mb.fr\/","title":{"rendered":"Pour une vraie d\u00e9viation"},"content":{"rendered":"\n<figure class=\"wp-block-image size-large\"><img loading=\"lazy\" decoding=\"async\" width=\"1024\" height=\"683\" src=\"http:\/\/centralparc-mb.fr\/wp-content\/uploads\/2023\/04\/RN-147-aux-Feux-tricolores-de-Mignaloux-Beauvoir-07.22-2-1024x683.jpg\" alt=\"\" class=\"wp-image-244\" srcset=\"https:\/\/centralparc-mb.fr\/wp-content\/uploads\/2023\/04\/RN-147-aux-Feux-tricolores-de-Mignaloux-Beauvoir-07.22-2-1024x683.jpg 1024w, https:\/\/centralparc-mb.fr\/wp-content\/uploads\/2023\/04\/RN-147-aux-Feux-tricolores-de-Mignaloux-Beauvoir-07.22-2-300x200.jpg 300w, https:\/\/centralparc-mb.fr\/wp-content\/uploads\/2023\/04\/RN-147-aux-Feux-tricolores-de-Mignaloux-Beauvoir-07.22-2-768x512.jpg 768w, https:\/\/centralparc-mb.fr\/wp-content\/uploads\/2023\/04\/RN-147-aux-Feux-tricolores-de-Mignaloux-Beauvoir-07.22-2-1536x1024.jpg 1536w, https:\/\/centralparc-mb.fr\/wp-content\/uploads\/2023\/04\/RN-147-aux-Feux-tricolores-de-Mignaloux-Beauvoir-07.22-2-2048x1365.jpg 2048w, https:\/\/centralparc-mb.fr\/wp-content\/uploads\/2023\/04\/RN-147-aux-Feux-tricolores-de-Mignaloux-Beauvoir-07.22-2-1200x800.jpg 1200w, https:\/\/centralparc-mb.fr\/wp-content\/uploads\/2023\/04\/RN-147-aux-Feux-tricolores-de-Mignaloux-Beauvoir-07.22-2-1980x1320.jpg 1980w\" sizes=\"auto, (max-width: 1024px) 100vw, 1024px\" \/><\/figure>\n\n\n\n<div class=\"wp-block-group alignwide\"><div class=\"wp-block-group__inner-container is-layout-flow wp-block-group-is-layout-flow\">\n<h2 class=\"wp-block-heading alignwide has-text-align-center has-subtle-background-background-color has-background\"><strong>Pour prot\u00e9ger les habitants victimes des nuisances routi\u00e8res<\/strong> <strong>et s\u00e9curiser les usagers des RN 147 et RD 951<\/strong><\/h2>\n<\/div><\/div>\n\n\n\n<div class=\"wp-block-columns alignwide is-layout-flex wp-container-core-columns-is-layout-9d6595d7 wp-block-columns-is-layout-flex\">\n<div class=\"wp-block-column is-layout-flow wp-block-column-is-layout-flow\">\n<div class=\"wp-block-group\"><div class=\"wp-block-group__inner-container is-layout-flow wp-block-group-is-layout-flow\">\n<figure class=\"wp-block-image alignfull size-large\"><img loading=\"lazy\" decoding=\"async\" width=\"1024\" height=\"683\" src=\"http:\/\/centralparc-mb.fr\/wp-content\/uploads\/2023\/04\/5-JLB-_InPixio2-1024x683.jpg\" alt=\"\" class=\"wp-image-243\" srcset=\"https:\/\/centralparc-mb.fr\/wp-content\/uploads\/2023\/04\/5-JLB-_InPixio2-1024x683.jpg 1024w, https:\/\/centralparc-mb.fr\/wp-content\/uploads\/2023\/04\/5-JLB-_InPixio2-300x200.jpg 300w, https:\/\/centralparc-mb.fr\/wp-content\/uploads\/2023\/04\/5-JLB-_InPixio2-768x512.jpg 768w, https:\/\/centralparc-mb.fr\/wp-content\/uploads\/2023\/04\/5-JLB-_InPixio2-1536x1024.jpg 1536w, https:\/\/centralparc-mb.fr\/wp-content\/uploads\/2023\/04\/5-JLB-_InPixio2-2048x1365.jpg 2048w, https:\/\/centralparc-mb.fr\/wp-content\/uploads\/2023\/04\/5-JLB-_InPixio2-1200x800.jpg 1200w, https:\/\/centralparc-mb.fr\/wp-content\/uploads\/2023\/04\/5-JLB-_InPixio2-1980x1320.jpg 1980w\" sizes=\"auto, (max-width: 1024px) 100vw, 1024px\" \/><\/figure>\n\n\n\n<h3 class=\"wp-block-heading\">Ce que nous vivons depuis plus de 30 ans <\/h3>\n\n\n\n<p>TROP de trafic, trop de camions, de pollution, d\u2019ins\u00e9curit\u00e9<\/p>\n\n\n\n<ul class=\"wp-block-list\">\n<li><mark style=\"background-color:rgba(0, 0, 0, 0)\" class=\"has-inline-color has-accent-color\"><strong>19.000<\/strong><\/mark> v\u00e9hicules\/ jour dont <mark style=\"background-color:rgba(0, 0, 0, 0)\" class=\"has-inline-color has-accent-color\"><strong>2350<\/strong><\/mark> camions traversent M-B sur la RN 147<\/li>\n\n\n\n<li><mark style=\"background-color:rgba(0, 0, 0, 0)\" class=\"has-inline-color has-accent-color\"><strong>13.500<\/strong><\/mark> v\u00e9hicules\/ jour \u00a0dont <mark style=\"background-color:rgba(0, 0, 0, 0)\" class=\"has-inline-color has-accent-color\"><strong>1300<\/strong><\/mark> camions sur la RD 951<\/li>\n\n\n\n<li>= <mark style=\"background-color:rgba(0, 0, 0, 0)\" class=\"has-inline-color has-accent-color\"><strong>2000<\/strong><\/mark> riverains concern\u00e9s le long des RN 147 et RD 951 entre Mignaloux et Poitiers<\/li>\n\n\n\n<li>Les enfants de nos \u00e9coles<a href=\"http:\/\/centralparc-mb.fr\/?page_id=179\"> sont en danger<\/a>&nbsp;!<\/li>\n<\/ul>\n<\/div><\/div>\n<\/div>\n\n\n\n<div class=\"wp-block-column is-layout-flow wp-block-column-is-layout-flow\">\n<div class=\"wp-block-group\"><div class=\"wp-block-group__inner-container is-layout-flow wp-block-group-is-layout-flow\">\n<figure class=\"wp-block-image alignfull size-large\"><img loading=\"lazy\" decoding=\"async\" width=\"1024\" height=\"683\" src=\"http:\/\/centralparc-mb.fr\/wp-content\/uploads\/2023\/04\/6-MARS-REMISE-PETITION-MAIRIE-2-1024x683.jpeg\" alt=\"\" class=\"wp-image-239\" srcset=\"https:\/\/centralparc-mb.fr\/wp-content\/uploads\/2023\/04\/6-MARS-REMISE-PETITION-MAIRIE-2-1024x683.jpeg 1024w, https:\/\/centralparc-mb.fr\/wp-content\/uploads\/2023\/04\/6-MARS-REMISE-PETITION-MAIRIE-2-300x200.jpeg 300w, https:\/\/centralparc-mb.fr\/wp-content\/uploads\/2023\/04\/6-MARS-REMISE-PETITION-MAIRIE-2-768x512.jpeg 768w, https:\/\/centralparc-mb.fr\/wp-content\/uploads\/2023\/04\/6-MARS-REMISE-PETITION-MAIRIE-2-1536x1024.jpeg 1536w, https:\/\/centralparc-mb.fr\/wp-content\/uploads\/2023\/04\/6-MARS-REMISE-PETITION-MAIRIE-2-2048x1365.jpeg 2048w, https:\/\/centralparc-mb.fr\/wp-content\/uploads\/2023\/04\/6-MARS-REMISE-PETITION-MAIRIE-2-1200x800.jpeg 1200w, https:\/\/centralparc-mb.fr\/wp-content\/uploads\/2023\/04\/6-MARS-REMISE-PETITION-MAIRIE-2-1980x1320.jpeg 1980w\" sizes=\"auto, (max-width: 1024px) 100vw, 1024px\" \/><\/figure>\n\n\n\n<h3 class=\"wp-block-heading\">Pourquoi nous agissons !  <\/h3>\n\n\n\n<p>Ca ne peut plus durer\u00a0: partout les centres-bourgs sont contourn\u00e9s comme \u00e0 Fleur\u00e9, \u00e0 Mign\u00e9-Auxances et bient\u00f4t \u00e0 Lussac- les-Ch\u00e2teaux. \u00a0<\/p>\n\n\n\n<ul class=\"wp-block-list\">\n<li>Pour retrouver des conditions de <strong><mark style=\"background-color:rgba(0, 0, 0, 0)\" class=\"has-inline-color has-accent-color\">VIE<\/mark><\/strong> et de <mark style=\"background-color:rgba(0, 0, 0, 0)\" class=\"has-inline-color has-accent-color\"><strong>SANT\u00c9<\/strong><\/mark> acceptables, et circuler en <strong><mark style=\"background-color:rgba(0, 0, 0, 0)\" class=\"has-inline-color has-accent-color\">S\u00c9CURIT\u00c9<\/mark><\/strong>, sans les dangers de la cohabitation du trafic local, r\u00e9gional et international.<\/li>\n\n\n\n<li><strong><mark style=\"background-color:rgba(0, 0, 0, 0)\" class=\"has-inline-color has-accent-color\">En 2006<\/mark><\/strong>, l\u2019\u00c9tat a ent\u00e9rin\u00e9 un projet de d\u00e9viation par le Nord (long), sans suite.<\/li>\n\n\n\n<li><strong><mark style=\"background-color:rgba(0, 0, 0, 0)\" class=\"has-inline-color has-accent-color\">En 2018<\/mark><\/strong>, il a repris le projet avec 6 sc\u00e9narios.<\/li>\n\n\n\n<li><strong><mark style=\"background-color:rgba(0, 0, 0, 0)\" class=\"has-inline-color has-accent-color\">Le 14 Mars 2019<\/mark><\/strong>, nous remettions \u00e0 nos \u00e9lus notre p\u00e9tition sign\u00e9e par 1200 habitants favorables \u00e0 un itin\u00e9raire au Nord long et oppos\u00e9s aux trac\u00e9s Centre maintenant tout le trafic sur place.<\/li>\n\n\n\n<li><strong><mark style=\"background-color:rgba(0, 0, 0, 0)\" class=\"has-inline-color has-accent-color\">A l\u2019automne 2022<\/mark><\/strong>, le Bureau Communautaire de Grand Poitiers a propos\u00e9 ses projets sur la commune de Mignaloux-Beauvoir et suscit\u00e9 l\u2019opposition en bloc des associations et \u00e9lus, par nos manifestations des 20 Octobre et 7 Novembre.<\/li>\n<\/ul>\n\n\n\n<div class=\"wp-block-buttons is-content-justification-center is-layout-flex wp-container-core-buttons-is-layout-16018d1d wp-block-buttons-is-layout-flex\">\n<div class=\"wp-block-button is-style-outline is-style-outline--1\"><a class=\"wp-block-button__link wp-element-button\" href=\"http:\/\/centralparc-mb.fr\/?page_id=247\">Lire la suite<\/a><\/div>\n<\/div>\n<\/div><\/div>\n<\/div>\n\n\n\n<div class=\"wp-block-column is-layout-flow wp-block-column-is-layout-flow\">\n<div class=\"wp-block-group\"><div class=\"wp-block-group__inner-container is-layout-flow wp-block-group-is-layout-flow\">\n<figure class=\"wp-block-image alignfull size-large\"><img loading=\"lazy\" decoding=\"async\" width=\"1024\" height=\"683\" src=\"http:\/\/centralparc-mb.fr\/wp-content\/uploads\/2023\/06\/P6220467-ce-que-nous-proposons-1024x683.jpg\" alt=\"\" class=\"wp-image-293\" srcset=\"https:\/\/centralparc-mb.fr\/wp-content\/uploads\/2023\/06\/P6220467-ce-que-nous-proposons-1024x683.jpg 1024w, https:\/\/centralparc-mb.fr\/wp-content\/uploads\/2023\/06\/P6220467-ce-que-nous-proposons-300x200.jpg 300w, https:\/\/centralparc-mb.fr\/wp-content\/uploads\/2023\/06\/P6220467-ce-que-nous-proposons-768x512.jpg 768w, https:\/\/centralparc-mb.fr\/wp-content\/uploads\/2023\/06\/P6220467-ce-que-nous-proposons-1536x1024.jpg 1536w, https:\/\/centralparc-mb.fr\/wp-content\/uploads\/2023\/06\/P6220467-ce-que-nous-proposons-2048x1365.jpg 2048w, https:\/\/centralparc-mb.fr\/wp-content\/uploads\/2023\/06\/P6220467-ce-que-nous-proposons-1200x800.jpg 1200w, https:\/\/centralparc-mb.fr\/wp-content\/uploads\/2023\/06\/P6220467-ce-que-nous-proposons-1980x1320.jpg 1980w\" sizes=\"auto, (max-width: 1024px) 100vw, 1024px\" \/><\/figure>\n\n\n\n<h3 class=\"wp-block-heading\">Ce que nous proposons <\/h3>\n\n\n\n<p>Une d\u00e9viation en urgence et pas dans 15 ans&nbsp;!<\/p>\n\n\n\n<p>Un projet routier durable, dans l\u2019int\u00e9r\u00eat du plus grand nombre des habitants, en recherchant la solution la plus adapt\u00e9e pour un impact moindre sur l\u2019habitat et les milieux naturels et agricoles.<\/p>\n\n\n\n<p>Un &nbsp;trac\u00e9 Nord long est le seul qui peut capter les&nbsp; v\u00e9hicules &nbsp;en transit et les camions circulant sur les RN 147 et RD 951. Il soulagerait la vie de milliers d\u2019habitants \u00e0 proximit\u00e9, avec une circulation bien plus s\u00fbre et fluide au b\u00e9n\u00e9fice de tous les usagers.<\/p>\n\n\n\n<div class=\"wp-block-button is-style-outline is-style-outline--2\"><a class=\"wp-block-button__link wp-element-button\" href=\"http:\/\/centralparc-mb.fr\/?page_id=249\">Lire la suite<\/a><\/div>\n<\/div><\/div>\n<\/div>\n<\/div>\n","protected":false},"excerpt":{"rendered":"<p>Pour prot\u00e9ger les habitants victimes des nuisances routi\u00e8res et s\u00e9curiser les usagers des RN 147 et RD 951 Ce que nous vivons depuis plus de 30 ans TROP de trafic, [&hellip;]<\/p>\n","protected":false},"author":1,"featured_media":0,"parent":0,"menu_order":0,"comment_status":"closed","ping_status":"closed","template":"","meta":{"footnotes":""},"class_list":["post-190","page","type-page","status-publish","hentry"],"_links":{"self":[{"href":"https:\/\/centralparc-mb.fr\/index.php?rest_route=\/wp\/v2\/pages\/190","targetHints":{"allow":["GET"]}}],"collection":[{"href":"https:\/\/centralparc-mb.fr\/index.php?rest_route=\/wp\/v2\/pages"}],"about":[{"href":"https:\/\/centralparc-mb.fr\/index.php?rest_route=\/wp\/v2\/types\/page"}],"author":[{"embeddable":true,"href":"https:\/\/centralparc-mb.fr\/index.php?rest_route=\/wp\/v2\/users\/1"}],"replies":[{"embeddable":true,"href":"https:\/\/centralparc-mb.fr\/index.php?rest_route=%2Fwp%2Fv2%2Fcomments&post=190"}],"version-history":[{"count":23,"href":"https:\/\/centralparc-mb.fr\/index.php?rest_route=\/wp\/v2\/pages\/190\/revisions"}],"predecessor-version":[{"id":327,"href":"https:\/\/centralparc-mb.fr\/index.php?rest_route=\/wp\/v2\/pages\/190\/revisions\/327"}],"wp:attachment":[{"href":"https:\/\/centralparc-mb.fr\/index.php?rest_route=%2Fwp%2Fv2%2Fmedia&parent=190"}],"curies":[{"name":"wp","href":"https:\/\/api.w.org\/{rel}","templated":true}]}}