{"id":188,"date":"2023-04-12T16:15:32","date_gmt":"2023-04-12T14:15:32","guid":{"rendered":"http:\/\/centralparc-mb.fr\/?page_id=188"},"modified":"2026-04-04T09:45:18","modified_gmt":"2026-04-04T07:45:18","slug":"conseil-dadministration-et-bureau-2022","status":"publish","type":"page","link":"https:\/\/centralparc-mb.fr\/?page_id=188","title":{"rendered":"Conseil d\u2019Administration et Bureau 2026"},"content":{"rendered":"\n<h2 class=\"wp-block-heading\">Le Bureau<\/h2>\n\n\n\n<figure class=\"wp-block-table\"><table><tbody><tr><td>Luc AUDEON<\/td><td>Pr\u00e9sident<\/td><\/tr><tr><td>Elisabeth L\u00c9V\u00caQUE<\/td><td>Vice-pr\u00e9sidente<\/td><\/tr><tr><td>Patrick BOIDEAU<\/td><td>Secr\u00e9taire<\/td><\/tr><tr><td>Guy L\u00c9V\u00caQUE<\/td><td>Tr\u00e9sorier<\/td><\/tr><tr><td>Catherine MILLOT<\/td><td>Secr\u00e9taire suppl\u00e9ante<\/td><\/tr><tr><td>Fran\u00e7ois PAUTREAU<\/td><td>Tr\u00e9sorier suppl\u00e9ant<\/td><\/tr><tr><td>Serge TILLET<\/td><td><\/td><\/tr><\/tbody><\/table><\/figure>\n\n\n\n<h2 class=\"wp-block-heading\">Le Conseil d\u2019Administration<\/h2>\n\n\n\n<figure class=\"wp-block-table\"><table><tbody><tr><td>Luc AUDEON<\/td><\/tr><tr><td>Pascale AUDEON<\/td><\/tr><tr><td>Patrick BOIDEAU<\/td><\/tr><tr><td>Alain BOUCHET<\/td><\/tr><tr><td>Christian CORNOU<\/td><\/tr><tr><td>Lionel DUCOS<\/td><\/tr><tr><td>Lydie DUFFOURC<\/td><\/tr><tr><td>R\u00e9mi GATARD<\/td><\/tr><tr><td>V\u00e9ronique LADEV\u00c8ZE<\/td><\/tr><tr><td>Virginie LAGARDE<\/td><\/tr><tr><td>Elisabeth L\u00c9V\u00caQUE<\/td><\/tr><tr><td>Guy L\u00c9V\u00caQUE<\/td><\/tr><tr><td>Claude MENNEGUERRE<\/td><\/tr><tr><td>Catherine MILLOT<\/td><\/tr><tr><td>Dominique MURAT<\/td><\/tr><tr><td>Jean-Yves NOYEZ<\/td><\/tr><tr><td>Christophe PARASOTE<\/td><\/tr><tr><td>Diavolana PAUTREAU<\/td><\/tr><tr><td>Fran\u00e7ois PAUTREAU<\/td><\/tr><tr><td>Alain QUELLA-VILL\u00c9GER<\/td><\/tr><tr><td>Raymonde&nbsp; RIVAUD<\/td><\/tr><tr><td>\u00c9ric ROSE<\/td><\/tr><tr><td>Serge TILLET<\/td><\/tr><\/tbody><\/table><\/figure>\n","protected":false},"excerpt":{"rendered":"<p>Le Bureau Luc AUDEON Pr\u00e9sident Elisabeth L\u00c9V\u00caQUE Vice-pr\u00e9sidente Patrick BOIDEAU Secr\u00e9taire Guy L\u00c9V\u00caQUE Tr\u00e9sorier Catherine MILLOT Secr\u00e9taire suppl\u00e9ante Fran\u00e7ois PAUTREAU Tr\u00e9sorier suppl\u00e9ant Serge TILLET Le Conseil d\u2019Administration Luc AUDEON Pascale [&hellip;]<\/p>\n","protected":false},"author":1,"featured_media":0,"parent":0,"menu_order":0,"comment_status":"closed","ping_status":"closed","template":"","meta":{"footnotes":""},"class_list":["post-188","page","type-page","status-publish","hentry"],"_links":{"self":[{"href":"https:\/\/centralparc-mb.fr\/index.php?rest_route=\/wp\/v2\/pages\/188","targetHints":{"allow":["GET"]}}],"collection":[{"href":"https:\/\/centralparc-mb.fr\/index.php?rest_route=\/wp\/v2\/pages"}],"about":[{"href":"https:\/\/centralparc-mb.fr\/index.php?rest_route=\/wp\/v2\/types\/page"}],"author":[{"embeddable":true,"href":"https:\/\/centralparc-mb.fr\/index.php?rest_route=\/wp\/v2\/users\/1"}],"replies":[{"embeddable":true,"href":"https:\/\/centralparc-mb.fr\/index.php?rest_route=%2Fwp%2Fv2%2Fcomments&post=188"}],"version-history":[{"count":5,"href":"https:\/\/centralparc-mb.fr\/index.php?rest_route=\/wp\/v2\/pages\/188\/revisions"}],"predecessor-version":[{"id":536,"href":"https:\/\/centralparc-mb.fr\/index.php?rest_route=\/wp\/v2\/pages\/188\/revisions\/536"}],"wp:attachment":[{"href":"https:\/\/centralparc-mb.fr\/index.php?rest_route=%2Fwp%2Fv2%2Fmedia&parent=188"}],"curies":[{"name":"wp","href":"https:\/\/api.w.org\/{rel}","templated":true}]}}