{"id":179,"date":"2023-04-12T15:37:45","date_gmt":"2023-04-12T13:37:45","guid":{"rendered":"http:\/\/centralparc-mb.fr\/?page_id=179"},"modified":"2023-06-19T22:50:23","modified_gmt":"2023-06-19T20:50:23","slug":"nos-enfants-sont-en-danger","status":"publish","type":"page","link":"https:\/\/centralparc-mb.fr\/?page_id=179","title":{"rendered":"Nos Enfants sont en danger !"},"content":{"rendered":"\n<figure class=\"wp-block-image size-large\"><img loading=\"lazy\" decoding=\"async\" width=\"1024\" height=\"683\" src=\"http:\/\/centralparc-mb.fr\/wp-content\/uploads\/2023\/04\/P5184312-5-1024x683.jpg\" alt=\"\" class=\"wp-image-241\" srcset=\"https:\/\/centralparc-mb.fr\/wp-content\/uploads\/2023\/04\/P5184312-5-1024x683.jpg 1024w, https:\/\/centralparc-mb.fr\/wp-content\/uploads\/2023\/04\/P5184312-5-300x200.jpg 300w, https:\/\/centralparc-mb.fr\/wp-content\/uploads\/2023\/04\/P5184312-5-768x512.jpg 768w, https:\/\/centralparc-mb.fr\/wp-content\/uploads\/2023\/04\/P5184312-5-1536x1024.jpg 1536w, https:\/\/centralparc-mb.fr\/wp-content\/uploads\/2023\/04\/P5184312-5-2048x1366.jpg 2048w, https:\/\/centralparc-mb.fr\/wp-content\/uploads\/2023\/04\/P5184312-5-1200x800.jpg 1200w, https:\/\/centralparc-mb.fr\/wp-content\/uploads\/2023\/04\/P5184312-5-1980x1320.jpg 1980w\" sizes=\"auto, (max-width: 1024px) 100vw, 1024px\" \/><\/figure>\n\n\n\n<h3 class=\"wp-block-heading\"><strong><em>La RN 147 est \u00e0 50 m de l\u2019\u00e9cole et de la cr\u00e8che<\/em><\/strong><\/h3>\n\n\n\n<ul class=\"wp-block-list\">\n<li><strong>Les 433 enfants scolaris\u00e9s \u00e0 l\u2019\u00e9cole de Mignaloux, route de la gare, sont \u00e0 50 m de la RN 147 et de la circulation intense.<\/strong><\/li>\n\n\n\n<li><strong>On y vit fen\u00eatres ferm\u00e9es \u00e0 cause du bruit et de la pollution.<\/strong><\/li>\n\n\n\n<li><strong>C\u2019est une vraie pr\u00e9occupation de sant\u00e9 publique pour les enfants, tr\u00e8s sensibles aux seuils de pollution.<\/strong><\/li>\n<\/ul>\n\n\n\n<div class=\"wp-block-group alignwide has-subtle-background-background-color has-background\"><div class=\"wp-block-group__inner-container is-layout-constrained wp-block-group-is-layout-constrained\">\n<p class=\"has-text-align-center\"><strong>Prot\u00e9geons-les&nbsp;!<\/strong><\/p>\n\n\n\n<p class=\"has-text-align-center\"><strong>Exigeons la d\u00e9viation de la 147&nbsp;!<\/strong><\/p>\n<\/div><\/div>\n\n\n\n<p><strong>Forum des associations 28\/08\/2022&nbsp; <em><u>centralparcmb@gmail.com<\/u><\/em><\/strong><strong><\/strong><\/p>\n","protected":false},"excerpt":{"rendered":"<p>La RN 147 est \u00e0 50 m de l\u2019\u00e9cole et de la cr\u00e8che Prot\u00e9geons-les&nbsp;! Exigeons la d\u00e9viation de la 147&nbsp;! Forum des associations 28\/08\/2022&nbsp; centralparcmb@gmail.com<\/p>\n","protected":false},"author":1,"featured_media":0,"parent":0,"menu_order":0,"comment_status":"closed","ping_status":"closed","template":"","meta":{"footnotes":""},"class_list":["post-179","page","type-page","status-publish","hentry"],"_links":{"self":[{"href":"https:\/\/centralparc-mb.fr\/index.php?rest_route=\/wp\/v2\/pages\/179","targetHints":{"allow":["GET"]}}],"collection":[{"href":"https:\/\/centralparc-mb.fr\/index.php?rest_route=\/wp\/v2\/pages"}],"about":[{"href":"https:\/\/centralparc-mb.fr\/index.php?rest_route=\/wp\/v2\/types\/page"}],"author":[{"embeddable":true,"href":"https:\/\/centralparc-mb.fr\/index.php?rest_route=\/wp\/v2\/users\/1"}],"replies":[{"embeddable":true,"href":"https:\/\/centralparc-mb.fr\/index.php?rest_route=%2Fwp%2Fv2%2Fcomments&post=179"}],"version-history":[{"count":4,"href":"https:\/\/centralparc-mb.fr\/index.php?rest_route=\/wp\/v2\/pages\/179\/revisions"}],"predecessor-version":[{"id":358,"href":"https:\/\/centralparc-mb.fr\/index.php?rest_route=\/wp\/v2\/pages\/179\/revisions\/358"}],"wp:attachment":[{"href":"https:\/\/centralparc-mb.fr\/index.php?rest_route=%2Fwp%2Fv2%2Fmedia&parent=179"}],"curies":[{"name":"wp","href":"https:\/\/api.w.org\/{rel}","templated":true}]}}