{"id":14,"date":"2022-11-13T14:04:58","date_gmt":"2022-11-13T13:04:58","guid":{"rendered":"http:\/\/centralparc-mb.fr\/?page_id=14"},"modified":"2023-06-04T18:10:23","modified_gmt":"2023-06-04T16:10:23","slug":"contact","status":"publish","type":"page","link":"https:\/\/centralparc-mb.fr\/?page_id=14","title":{"rendered":"Contact"},"content":{"rendered":"\n<p>Nous sommes l\u00e0 pour r\u00e9pondre \u00e0 vos questions. N&rsquo;h\u00e9sitez pas \u00e0 nous contacter.<\/p>\n\n\n\n<p>Adresse :<\/p>\n\n\n\n<p>Central Parc Mignaloux-Beauvoir<\/p>\n\n\n\n<p>Mairie de Mignaloux-Beauvoir<\/p>\n\n\n\n<p>268 Rte de la Gare, 86550 Mignaloux-Beauvoir<\/p>\n\n\n\n<p>@ : centralparcmb@gmail.com<\/p>\n","protected":false},"excerpt":{"rendered":"<p>Nous sommes l\u00e0 pour r\u00e9pondre \u00e0 vos questions. N&rsquo;h\u00e9sitez pas \u00e0 nous contacter. Adresse : Central Parc Mignaloux-Beauvoir Mairie de Mignaloux-Beauvoir 268 Rte de la Gare, 86550 Mignaloux-Beauvoir @ : [&hellip;]<\/p>\n","protected":false},"author":1,"featured_media":0,"parent":0,"menu_order":0,"comment_status":"closed","ping_status":"closed","template":"","meta":{"footnotes":""},"class_list":["post-14","page","type-page","status-publish","hentry"],"_links":{"self":[{"href":"https:\/\/centralparc-mb.fr\/index.php?rest_route=\/wp\/v2\/pages\/14","targetHints":{"allow":["GET"]}}],"collection":[{"href":"https:\/\/centralparc-mb.fr\/index.php?rest_route=\/wp\/v2\/pages"}],"about":[{"href":"https:\/\/centralparc-mb.fr\/index.php?rest_route=\/wp\/v2\/types\/page"}],"author":[{"embeddable":true,"href":"https:\/\/centralparc-mb.fr\/index.php?rest_route=\/wp\/v2\/users\/1"}],"replies":[{"embeddable":true,"href":"https:\/\/centralparc-mb.fr\/index.php?rest_route=%2Fwp%2Fv2%2Fcomments&post=14"}],"version-history":[{"count":4,"href":"https:\/\/centralparc-mb.fr\/index.php?rest_route=\/wp\/v2\/pages\/14\/revisions"}],"predecessor-version":[{"id":318,"href":"https:\/\/centralparc-mb.fr\/index.php?rest_route=\/wp\/v2\/pages\/14\/revisions\/318"}],"wp:attachment":[{"href":"https:\/\/centralparc-mb.fr\/index.php?rest_route=%2Fwp%2Fv2%2Fmedia&parent=14"}],"curies":[{"name":"wp","href":"https:\/\/api.w.org\/{rel}","templated":true}]}}